{"id":108,"date":"2025-10-17T14:29:59","date_gmt":"2025-10-17T14:29:59","guid":{"rendered":"https:\/\/faraby.com.tr\/?page_id=108"},"modified":"2025-10-17T22:53:06","modified_gmt":"2025-10-17T22:53:06","slug":"iletisim-2","status":"publish","type":"page","link":"https:\/\/faraby.com.tr\/?page_id=108","title":{"rendered":"\u0130leti\u015fim"},"content":{"rendered":"\n<div class=\"wp-block-media-text is-stacked-on-mobile\"><figure class=\"wp-block-media-text__media\"><img loading=\"lazy\" decoding=\"async\" width=\"1280\" height=\"850\" src=\"https:\/\/faraby.com.tr\/wp-content\/uploads\/2025\/10\/telephone-295075_1280.png\" alt=\"\" class=\"wp-image-183 size-full\" srcset=\"https:\/\/faraby.com.tr\/wp-content\/uploads\/2025\/10\/telephone-295075_1280.png 1280w, https:\/\/faraby.com.tr\/wp-content\/uploads\/2025\/10\/telephone-295075_1280-300x199.png 300w, https:\/\/faraby.com.tr\/wp-content\/uploads\/2025\/10\/telephone-295075_1280-1024x680.png 1024w, https:\/\/faraby.com.tr\/wp-content\/uploads\/2025\/10\/telephone-295075_1280-768x510.png 768w\" sizes=\"auto, (max-width: 1280px) 100vw, 1280px\" \/><\/figure><div class=\"wp-block-media-text__content\">\n<p><strong>Faraby Elektronik<\/strong> olarak her t\u00fcrl\u00fc elektrik ve elektronik ihtiya\u00e7lar\u0131n\u0131zda yan\u0131n\u0131zday\u0131z.<br>Ar\u0131za, bak\u0131m, montaj veya proje talepleriniz i\u00e7in bizimle ileti\u015fime ge\u00e7ebilirsiniz.<br>Deneyimli ekibimiz, g\u00fcvenli ve h\u0131zl\u0131 \u00e7\u00f6z\u00fcmler sunmak i\u00e7in daima haz\u0131rd\u0131r.<\/p>\n<\/div><\/div>\n\n\n\n<p><strong>Adres:<\/strong> Bayrambey Mh. Kooperatif 1 Sk. Buket Sitesi B No:1B D:9 \u0130psala\/Edirne<br><strong>Telefon:<\/strong> +90 536 551 61 69<br><strong>E-posta:<\/strong> faraby@faraby.com.tr<br><strong>\u00c7al\u0131\u015fma Saatleri:<\/strong><br>Pazartesi-Cuma: 09:00 &#8211; 18:00<br>Cumartesi -Pazar: Kapal\u0131<\/p>\n\n\n\n<p><strong>\u0130leti\u015fim Formu<\/strong><\/p>\n\n\n\n<p>A\u015fa\u011f\u0131daki formu doldurarak bize mesaj g\u00f6nderebilirsiniz.<br>En k\u0131sa s\u00fcrede sizinle ileti\u015fime ge\u00e7ece\u011fiz.<\/p>\n\n\n\n<div class=\"wpcf7 no-js\" id=\"wpcf7-f4-o1\" lang=\"tr-TR\" dir=\"ltr\" data-wpcf7-id=\"4\">\n<div class=\"screen-reader-response\"><p role=\"status\" aria-live=\"polite\" aria-atomic=\"true\"><\/p> <ul><\/ul><\/div>\n<form action=\"\/index.php?rest_route=%2Fwp%2Fv2%2Fpages%2F108#wpcf7-f4-o1\" method=\"post\" class=\"wpcf7-form init\" aria-label=\"\u0130leti\u015fim Formu\" novalidate=\"novalidate\" data-status=\"init\">\n<fieldset class=\"hidden-fields-container\"><input type=\"hidden\" name=\"_wpcf7\" value=\"4\" \/><input type=\"hidden\" name=\"_wpcf7_version\" value=\"6.1.2\" \/><input type=\"hidden\" name=\"_wpcf7_locale\" value=\"tr_TR\" \/><input type=\"hidden\" name=\"_wpcf7_unit_tag\" value=\"wpcf7-f4-o1\" \/><input type=\"hidden\" name=\"_wpcf7_container_post\" value=\"0\" \/><input type=\"hidden\" name=\"_wpcf7_posted_data_hash\" value=\"\" \/>\n<\/fieldset>\n<p><label> Ad\u0131n\u0131z<br \/>\n<span class=\"wpcf7-form-control-wrap\" data-name=\"your-name\"><input size=\"40\" maxlength=\"400\" class=\"wpcf7-form-control wpcf7-text wpcf7-validates-as-required\" autocomplete=\"name\" aria-required=\"true\" aria-invalid=\"false\" value=\"\" type=\"text\" name=\"your-name\" \/><\/span> <\/label>\n<\/p>\n<p><label> E-posta adresiniz<br \/>\n<span class=\"wpcf7-form-control-wrap\" data-name=\"your-email\"><input size=\"40\" maxlength=\"400\" class=\"wpcf7-form-control wpcf7-email wpcf7-validates-as-required wpcf7-text wpcf7-validates-as-email\" autocomplete=\"email\" aria-required=\"true\" aria-invalid=\"false\" value=\"\" type=\"email\" name=\"your-email\" \/><\/span> <\/label>\n<\/p>\n<p><label> Konu<br \/>\n<span class=\"wpcf7-form-control-wrap\" data-name=\"your-subject\"><input size=\"40\" maxlength=\"400\" class=\"wpcf7-form-control wpcf7-text wpcf7-validates-as-required\" aria-required=\"true\" aria-invalid=\"false\" value=\"\" type=\"text\" name=\"your-subject\" \/><\/span> <\/label>\n<\/p>\n<p><label> \u0130letiniz (tercihe ba\u011fl\u0131)<br \/>\n<span class=\"wpcf7-form-control-wrap\" data-name=\"your-message\"><textarea cols=\"40\" rows=\"10\" maxlength=\"2000\" class=\"wpcf7-form-control wpcf7-textarea\" aria-invalid=\"false\" name=\"your-message\"><\/textarea><\/span> <\/label>\n<\/p>\n<p><input class=\"wpcf7-form-control wpcf7-submit has-spinner\" type=\"submit\" value=\"G\u00f6nder\" \/>\n<\/p><p style=\"display: none !important;\" class=\"akismet-fields-container\" data-prefix=\"_wpcf7_ak_\"><label>&#916;<textarea name=\"_wpcf7_ak_hp_textarea\" cols=\"45\" rows=\"8\" maxlength=\"100\"><\/textarea><\/label><input type=\"hidden\" id=\"ak_js_1\" name=\"_wpcf7_ak_js\" value=\"35\"\/><script>document.getElementById( \"ak_js_1\" ).setAttribute( \"value\", ( new Date() ).getTime() );<\/script><\/p><div class=\"wpcf7-response-output\" aria-hidden=\"true\"><\/div>\n<\/form>\n<\/div>\n\n\n\n\n<p><strong>Harita<\/strong> <\/p>\n\n\n\n<p><a href=\"https:\/\/share.google\/z4AIFu7iuDGjHUeyv\">https:\/\/share.google\/z4AIFu7iuDGjHUeyv<\/a><\/p>\n\n\n<div class=\"is-default-size wp-block-site-logo\"><a href=\"https:\/\/faraby.com.tr\/\" class=\"custom-logo-link\" rel=\"home\"><img loading=\"lazy\" decoding=\"async\" width=\"1159\" height=\"512\" src=\"https:\/\/faraby.com.tr\/wp-content\/uploads\/2025\/10\/cropped-WhatsApp-Image-2025-10-10-at-14.35.23-229x101.jpeg\" class=\"custom-logo\" alt=\"Faraby\" srcset=\"https:\/\/faraby.com.tr\/wp-content\/uploads\/2025\/10\/cropped-WhatsApp-Image-2025-10-10-at-14.35.23.jpeg 1159w, https:\/\/faraby.com.tr\/wp-content\/uploads\/2025\/10\/cropped-WhatsApp-Image-2025-10-10-at-14.35.23-300x133.jpeg 300w, https:\/\/faraby.com.tr\/wp-content\/uploads\/2025\/10\/cropped-WhatsApp-Image-2025-10-10-at-14.35.23-1024x452.jpeg 1024w, https:\/\/faraby.com.tr\/wp-content\/uploads\/2025\/10\/cropped-WhatsApp-Image-2025-10-10-at-14.35.23-768x339.jpeg 768w, https:\/\/faraby.com.tr\/wp-content\/uploads\/2025\/10\/cropped-WhatsApp-Image-2025-10-10-at-14.35.23-229x101.jpeg 229w\" sizes=\"auto, (max-width: 1159px) 100vw, 1159px\" \/><\/a><\/div>\n\n\n<p><\/p>\n","protected":false},"excerpt":{"rendered":"<p>Faraby Elektronik olarak her t\u00fcrl\u00fc elektrik ve elektronik ihtiya\u00e7lar\u0131n\u0131zda yan\u0131n\u0131zday\u0131z.Ar\u0131za, bak\u0131m, montaj veya proje talepleriniz i\u00e7in bizimle ileti\u015fime ge\u00e7ebilirsiniz.Deneyimli ekibimiz, [&hellip;]<\/p>\n","protected":false},"author":1,"featured_media":0,"parent":0,"menu_order":6,"comment_status":"closed","ping_status":"closed","template":"","meta":{"site-sidebar-layout":"default","site-content-layout":"","ast-site-content-layout":"default","site-content-style":"default","site-sidebar-style":"default","ast-global-header-display":"","ast-banner-title-visibility":"","ast-main-header-display":"","ast-hfb-above-header-display":"","ast-hfb-below-header-display":"","ast-hfb-mobile-header-display":"","site-post-title":"","ast-breadcrumbs-content":"","ast-featured-img":"","footer-sml-layout":"","theme-transparent-header-meta":"","adv-header-id-meta":"","stick-header-meta":"","header-above-stick-meta":"","header-main-stick-meta":"","header-below-stick-meta":"","astra-migrate-meta-layouts":"default","ast-page-background-enabled":"default","ast-page-background-meta":{"desktop":{"background-color":"var(--ast-global-color-5)","background-image":"","background-repeat":"repeat","background-position":"center center","background-size":"auto","background-attachment":"scroll","background-type":"","background-media":"","overlay-type":"","overlay-color":"","overlay-opacity":"","overlay-gradient":""},"tablet":{"background-color":"","background-image":"","background-repeat":"repeat","background-position":"center center","background-size":"auto","background-attachment":"scroll","background-type":"","background-media":"","overlay-type":"","overlay-color":"","overlay-opacity":"","overlay-gradient":""},"mobile":{"background-color":"","background-image":"","background-repeat":"repeat","background-position":"center center","background-size":"auto","background-attachment":"scroll","background-type":"","background-media":"","overlay-type":"","overlay-color":"","overlay-opacity":"","overlay-gradient":""}},"ast-content-background-meta":{"desktop":{"background-color":"var(--ast-global-color-4)","background-image":"","background-repeat":"repeat","background-position":"center center","background-size":"auto","background-attachment":"scroll","background-type":"","background-media":"","overlay-type":"","overlay-color":"","overlay-opacity":"","overlay-gradient":""},"tablet":{"background-color":"var(--ast-global-color-4)","background-image":"","background-repeat":"repeat","background-position":"center center","background-size":"auto","background-attachment":"scroll","background-type":"","background-media":"","overlay-type":"","overlay-color":"","overlay-opacity":"","overlay-gradient":""},"mobile":{"background-color":"var(--ast-global-color-4)","background-image":"","background-repeat":"repeat","background-position":"center center","background-size":"auto","background-attachment":"scroll","background-type":"","background-media":"","overlay-type":"","overlay-color":"","overlay-opacity":"","overlay-gradient":""}},"footnotes":""},"class_list":["post-108","page","type-page","status-publish","hentry"],"yoast_head":"<!-- This site is optimized with the Yoast SEO plugin v26.1.1 - https:\/\/yoast.com\/wordpress\/plugins\/seo\/ -->\n<title>\u0130leti\u015fim - Faraby<\/title>\n<meta name=\"robots\" content=\"index, follow, max-snippet:-1, max-image-preview:large, max-video-preview:-1\" \/>\n<link rel=\"canonical\" href=\"https:\/\/faraby.com.tr\/?page_id=108\" \/>\n<meta property=\"og:locale\" content=\"tr_TR\" \/>\n<meta property=\"og:type\" content=\"article\" \/>\n<meta property=\"og:title\" content=\"\u0130leti\u015fim - Faraby\" \/>\n<meta property=\"og:description\" content=\"Faraby Elektronik olarak her t\u00fcrl\u00fc elektrik ve elektronik ihtiya\u00e7lar\u0131n\u0131zda yan\u0131n\u0131zday\u0131z.Ar\u0131za, bak\u0131m, montaj veya proje talepleriniz i\u00e7in bizimle ileti\u015fime ge\u00e7ebilirsiniz.Deneyimli ekibimiz, [&hellip;]\" \/>\n<meta property=\"og:url\" content=\"https:\/\/faraby.com.tr\/?page_id=108\" \/>\n<meta property=\"og:site_name\" content=\"Faraby\" \/>\n<meta property=\"article:modified_time\" content=\"2025-10-17T22:53:06+00:00\" \/>\n<meta property=\"og:image\" content=\"https:\/\/faraby.com.tr\/wp-content\/uploads\/2025\/10\/telephone-295075_1280.png\" \/>\n\t<meta property=\"og:image:width\" content=\"1280\" \/>\n\t<meta property=\"og:image:height\" content=\"850\" \/>\n\t<meta property=\"og:image:type\" content=\"image\/png\" \/>\n<meta name=\"twitter:card\" content=\"summary_large_image\" \/>\n<meta name=\"twitter:label1\" content=\"Tahmini okuma s\u00fcresi\" \/>\n\t<meta name=\"twitter:data1\" content=\"1 dakika\" \/>\n<script type=\"application\/ld+json\" class=\"yoast-schema-graph\">{\"@context\":\"https:\/\/schema.org\",\"@graph\":[{\"@type\":\"WebPage\",\"@id\":\"https:\/\/faraby.com.tr\/?page_id=108\",\"url\":\"https:\/\/faraby.com.tr\/?page_id=108\",\"name\":\"\u0130leti\u015fim - Faraby\",\"isPartOf\":{\"@id\":\"https:\/\/faraby.com.tr\/#website\"},\"primaryImageOfPage\":{\"@id\":\"https:\/\/faraby.com.tr\/?page_id=108#primaryimage\"},\"image\":{\"@id\":\"https:\/\/faraby.com.tr\/?page_id=108#primaryimage\"},\"thumbnailUrl\":\"https:\/\/faraby.com.tr\/wp-content\/uploads\/2025\/10\/telephone-295075_1280.png\",\"datePublished\":\"2025-10-17T14:29:59+00:00\",\"dateModified\":\"2025-10-17T22:53:06+00:00\",\"breadcrumb\":{\"@id\":\"https:\/\/faraby.com.tr\/?page_id=108#breadcrumb\"},\"inLanguage\":\"tr\",\"potentialAction\":[{\"@type\":\"ReadAction\",\"target\":[\"https:\/\/faraby.com.tr\/?page_id=108\"]}]},{\"@type\":\"ImageObject\",\"inLanguage\":\"tr\",\"@id\":\"https:\/\/faraby.com.tr\/?page_id=108#primaryimage\",\"url\":\"https:\/\/faraby.com.tr\/wp-content\/uploads\/2025\/10\/telephone-295075_1280.png\",\"contentUrl\":\"https:\/\/faraby.com.tr\/wp-content\/uploads\/2025\/10\/telephone-295075_1280.png\",\"width\":1280,\"height\":850},{\"@type\":\"BreadcrumbList\",\"@id\":\"https:\/\/faraby.com.tr\/?page_id=108#breadcrumb\",\"itemListElement\":[{\"@type\":\"ListItem\",\"position\":1,\"name\":\"Anasayfa\",\"item\":\"https:\/\/faraby.com.tr\/\"},{\"@type\":\"ListItem\",\"position\":2,\"name\":\"\u0130leti\u015fim\"}]},{\"@type\":\"WebSite\",\"@id\":\"https:\/\/faraby.com.tr\/#website\",\"url\":\"https:\/\/faraby.com.tr\/\",\"name\":\"Faraby\",\"description\":\"G\u00fcvenilir Hizmet\",\"publisher\":{\"@id\":\"https:\/\/faraby.com.tr\/#organization\"},\"potentialAction\":[{\"@type\":\"SearchAction\",\"target\":{\"@type\":\"EntryPoint\",\"urlTemplate\":\"https:\/\/faraby.com.tr\/?s={search_term_string}\"},\"query-input\":{\"@type\":\"PropertyValueSpecification\",\"valueRequired\":true,\"valueName\":\"search_term_string\"}}],\"inLanguage\":\"tr\"},{\"@type\":\"Organization\",\"@id\":\"https:\/\/faraby.com.tr\/#organization\",\"name\":\"Faraby\",\"url\":\"https:\/\/faraby.com.tr\/\",\"logo\":{\"@type\":\"ImageObject\",\"inLanguage\":\"tr\",\"@id\":\"https:\/\/faraby.com.tr\/#\/schema\/logo\/image\/\",\"url\":\"https:\/\/faraby.com.tr\/wp-content\/uploads\/2025\/10\/cropped-WhatsApp-Image-2025-10-10-at-14.35.23.jpeg\",\"contentUrl\":\"https:\/\/faraby.com.tr\/wp-content\/uploads\/2025\/10\/cropped-WhatsApp-Image-2025-10-10-at-14.35.23.jpeg\",\"width\":1159,\"height\":512,\"caption\":\"Faraby\"},\"image\":{\"@id\":\"https:\/\/faraby.com.tr\/#\/schema\/logo\/image\/\"}}]}<\/script>\n<!-- \/ Yoast SEO plugin. -->","yoast_head_json":{"title":"\u0130leti\u015fim - Faraby","robots":{"index":"index","follow":"follow","max-snippet":"max-snippet:-1","max-image-preview":"max-image-preview:large","max-video-preview":"max-video-preview:-1"},"canonical":"https:\/\/faraby.com.tr\/?page_id=108","og_locale":"tr_TR","og_type":"article","og_title":"\u0130leti\u015fim - Faraby","og_description":"Faraby Elektronik olarak her t\u00fcrl\u00fc elektrik ve elektronik ihtiya\u00e7lar\u0131n\u0131zda yan\u0131n\u0131zday\u0131z.Ar\u0131za, bak\u0131m, montaj veya proje talepleriniz i\u00e7in bizimle ileti\u015fime ge\u00e7ebilirsiniz.Deneyimli ekibimiz, [&hellip;]","og_url":"https:\/\/faraby.com.tr\/?page_id=108","og_site_name":"Faraby","article_modified_time":"2025-10-17T22:53:06+00:00","og_image":[{"width":1280,"height":850,"url":"https:\/\/faraby.com.tr\/wp-content\/uploads\/2025\/10\/telephone-295075_1280.png","type":"image\/png"}],"twitter_card":"summary_large_image","twitter_misc":{"Tahmini okuma s\u00fcresi":"1 dakika"},"schema":{"@context":"https:\/\/schema.org","@graph":[{"@type":"WebPage","@id":"https:\/\/faraby.com.tr\/?page_id=108","url":"https:\/\/faraby.com.tr\/?page_id=108","name":"\u0130leti\u015fim - Faraby","isPartOf":{"@id":"https:\/\/faraby.com.tr\/#website"},"primaryImageOfPage":{"@id":"https:\/\/faraby.com.tr\/?page_id=108#primaryimage"},"image":{"@id":"https:\/\/faraby.com.tr\/?page_id=108#primaryimage"},"thumbnailUrl":"https:\/\/faraby.com.tr\/wp-content\/uploads\/2025\/10\/telephone-295075_1280.png","datePublished":"2025-10-17T14:29:59+00:00","dateModified":"2025-10-17T22:53:06+00:00","breadcrumb":{"@id":"https:\/\/faraby.com.tr\/?page_id=108#breadcrumb"},"inLanguage":"tr","potentialAction":[{"@type":"ReadAction","target":["https:\/\/faraby.com.tr\/?page_id=108"]}]},{"@type":"ImageObject","inLanguage":"tr","@id":"https:\/\/faraby.com.tr\/?page_id=108#primaryimage","url":"https:\/\/faraby.com.tr\/wp-content\/uploads\/2025\/10\/telephone-295075_1280.png","contentUrl":"https:\/\/faraby.com.tr\/wp-content\/uploads\/2025\/10\/telephone-295075_1280.png","width":1280,"height":850},{"@type":"BreadcrumbList","@id":"https:\/\/faraby.com.tr\/?page_id=108#breadcrumb","itemListElement":[{"@type":"ListItem","position":1,"name":"Anasayfa","item":"https:\/\/faraby.com.tr\/"},{"@type":"ListItem","position":2,"name":"\u0130leti\u015fim"}]},{"@type":"WebSite","@id":"https:\/\/faraby.com.tr\/#website","url":"https:\/\/faraby.com.tr\/","name":"Faraby","description":"G\u00fcvenilir Hizmet","publisher":{"@id":"https:\/\/faraby.com.tr\/#organization"},"potentialAction":[{"@type":"SearchAction","target":{"@type":"EntryPoint","urlTemplate":"https:\/\/faraby.com.tr\/?s={search_term_string}"},"query-input":{"@type":"PropertyValueSpecification","valueRequired":true,"valueName":"search_term_string"}}],"inLanguage":"tr"},{"@type":"Organization","@id":"https:\/\/faraby.com.tr\/#organization","name":"Faraby","url":"https:\/\/faraby.com.tr\/","logo":{"@type":"ImageObject","inLanguage":"tr","@id":"https:\/\/faraby.com.tr\/#\/schema\/logo\/image\/","url":"https:\/\/faraby.com.tr\/wp-content\/uploads\/2025\/10\/cropped-WhatsApp-Image-2025-10-10-at-14.35.23.jpeg","contentUrl":"https:\/\/faraby.com.tr\/wp-content\/uploads\/2025\/10\/cropped-WhatsApp-Image-2025-10-10-at-14.35.23.jpeg","width":1159,"height":512,"caption":"Faraby"},"image":{"@id":"https:\/\/faraby.com.tr\/#\/schema\/logo\/image\/"}}]}},"_links":{"self":[{"href":"https:\/\/faraby.com.tr\/index.php?rest_route=\/wp\/v2\/pages\/108","targetHints":{"allow":["GET"]}}],"collection":[{"href":"https:\/\/faraby.com.tr\/index.php?rest_route=\/wp\/v2\/pages"}],"about":[{"href":"https:\/\/faraby.com.tr\/index.php?rest_route=\/wp\/v2\/types\/page"}],"author":[{"embeddable":true,"href":"https:\/\/faraby.com.tr\/index.php?rest_route=\/wp\/v2\/users\/1"}],"replies":[{"embeddable":true,"href":"https:\/\/faraby.com.tr\/index.php?rest_route=%2Fwp%2Fv2%2Fcomments&post=108"}],"version-history":[{"count":11,"href":"https:\/\/faraby.com.tr\/index.php?rest_route=\/wp\/v2\/pages\/108\/revisions"}],"predecessor-version":[{"id":208,"href":"https:\/\/faraby.com.tr\/index.php?rest_route=\/wp\/v2\/pages\/108\/revisions\/208"}],"wp:attachment":[{"href":"https:\/\/faraby.com.tr\/index.php?rest_route=%2Fwp%2Fv2%2Fmedia&parent=108"}],"curies":[{"name":"wp","href":"https:\/\/api.w.org\/{rel}","templated":true}]}}